 2*n. List the prime factors of n.
2, 17
Let h be (-2)/4*88/(-4). Let q = h - 5. List the prime factors of q.
2, 3
Let i = 7 - 14. Let z = i - -29. List the prime factors of z.
2, 11
Let z(c) = -c**2 - 7*c + 11. Let j = -4 + 6. Suppose -a + 8 = -j*a. List the prime factors of z(a).
3
Let z be (8/6)/(7/273). Suppose -z = -4*b - 5*n, 3*b - 7*b + 5*n + 52 = 0. What are the prime factors of b?
13
Suppose -57 + 17 = 5*l. Let d(y) = y**2 + 8*y + 6. List the prime factors of d(l).
2, 3
Suppose 2*q - 216 = -3*w, -q + 0*q = -3*w - 108. What are the prime factors of q?
2, 3
Let j be ((-6)/(-4))/((-9)/(-6)). Let g = 3 - j. What are the prime factors of -2*((-51)/g)/3?
17
Suppose 6*p = 2*p + 12. Suppose -p*a = -8*a + 50. List the prime factors of a.
2, 5
Let m(x) = -26*x**3 - x**2 - 3*x - 1. List the prime factors of m(-1).
3
Let w(o) = -o**2 + 3*o + 3. Let j be w(4). Let v = 12 - j. List the prime factors of v.
13
Let o be (2/(-5))/((-1)/50). Suppose -u - 2*u - 3*g = -108, 4*g - o = 0. List the prime factors of u.
31
Suppose -10*b + 18 = -12*b. Let l = -7 - b. What are the prime factors of l?
2
Suppose 0*d = 3*d. Suppose -3*i + 3*x = d, i + x + 20 = 6*i. Suppose 3*g = -i*n + 22, g = 2*g - n - 18. What are the prime factors of g?
2, 7
Let i(g) = -g**3 + 4*g**2 + 2. Suppose 0 = -2*n + 4 - 0. Suppose -5*u + n*m + 0*m + 10 = 0, u = -5*m + 29. What are the prime factors of i(u)?
2
Let y = -8 + 10. Suppose -2*n - 2*n - b = -54, -60 = -4*n + y*b. What are the prime factors of n?
2, 7
List the prime factors of (2170/15)/((-8)/(-12)).
7, 31
Suppose -4*c - 58 = -6*c. What are the prime factors of c?
29
Let c(w) = -w + 1. Let k be c(-2). Suppose k*g - 7 = 41. List the prime factors of g.
2
Let h(m) = 3*m**3 + m**2 - m + 1. Let u be h(1). Let z(a) = 3*a**2 - 3*a**3 + 2*a**3 + 0 + 2 + 2*a + 2*a. List the prime factors of z(u).
2
Let d(p) = 9*p - 12. Let a be d(15). Let g = -78 + a. List the prime factors of g.
3, 5
Suppose 2*y + 5*y - 868 = 0. What are the prime factors of y?
2, 31
Suppose 2*i + 10 = -0*i. List the prime factors of i*5/((-100)/56).
2, 7
Let c(u) = -u**3 + 3*u**2 - 3*u - 2. Let h be c(3). Let p = -2 + h. Let v(l) = l**3 + 12*l**2 - 13*l + 19. List the prime factors of v(p).
19
Suppose -3*s - s = -8. Suppose -y - y = -22. Suppose s*f - 12 = -2*p, p + y - 1 = f. List the prime factors of f.
2
Let w be -1 - 2 - 1 - 1. Let n(h) = 6 + 4*h**3 - 3*h**3 - 5*h + 4*h**2 + 2*h - 3*h. List the prime factors of n(w).
11
Suppose 2*i - 95 = -d + 74, 0 = -3*d - i + 522. What are the prime factors of d?
5, 7
What are the prime factors of 2/(-10) - 918/(-90)?
2, 5
What are the prime factors of (1 - 0/(-1))*70?
2, 5, 7
Let x(v) be the second derivative of -1/3*v**3 - 1/2*v**2 + 0 - 3*v + 1/20*v**5 + 1/12*v**4. What are the prime factors of x(2)?
7
Let q(x) = x**3 + 8*x**2 - 11*x - 13. Let c = 4 + -13. What are the prime factors of q(c)?
5
Let s(d) be the second derivative of 9*d**5/20 + d**4/12 + 4*d. What are the prime factors of s(1)?
2, 5
Suppose l - 5*w = -1, -5*l + 6 + 13 = -w. Let q = 8 - 5. Suppose 0 = -h + l + q. List the prime factors of h.
7
Suppose -4*v + v = 2*u + 62, 3*v + 3*u + 66 = 0. Let r = v - -25. Let k(y) = y**2 - 6*y + 5. What are the prime factors of k(r)?
2, 3
Suppose 1 = 3*v - 2*w - 2*w, -2*w + 4 = 0. Suppose -10 = -2*y - v*y. What are the prime factors of y?
2
Let s be ((-2)/3)/((-12)/(-90)). Let p = s - -41. What are the prime factors of p?
2, 3
Suppose 0 = 2*n - 3 + 1. Suppose 0 = -5*u - 15, 26 = 4*c - 3*u + n. List the prime factors of c.
2
Let l be 454/18 - (-4)/(-18). Suppose 20 = -k - 4*u, -5*u - l = -3*k - 0. Suppose -5*c + 5*w + 45 = k, 0 = -2*c - w + 5*w + 22. What are the prime factors of c?
7
List the prime factors of (48/40)/((-3)/(-80)).
2
Let l(o) = o**3 + 10*o**2 + 9*o - 13. Let b be l(-9). Let h(s) = -s + 15. List the prime factors of h(b).
2, 7
List the prime factors of -152*5/(-14 - -4).
2, 19
Let f(g) = g**2 + 5*g + 5. Suppose 1 = -b - 5. List the prime factors of f(b).
11
Let b(u) = 5 - 4 + 4*u**2 - 2 + 2*u - 2. Let h be b(2). Suppose -5*a = -5*t - h - 8, t = -3*a + 23. List the prime factors of a.
7
Suppose -c = -3*o + 896, c - 1480 = -5*o - 0*o. List the prime factors of o.
3, 11
Let h be 2/5*10/1. Suppose 2*d + 4*f = -8, 0*d = -h*d + 2*f + 24. List the prime factors of d.
2
Suppose 3*u - 50 = -14. List the prime factors of u.
2, 3
Let z(o) = -o**3 + 2*o**2 + o + 118. What are the prime factors of z(0)?
2, 59
Suppose t - 2*t = -4*i + 27, 3*t - i + 26 = 0. Let q = t - -15. List the prime factors of q.
2
Let i(a) = 3*a**2 + a - 1. Suppose 0 = -2*y - 3*y + 4*z + 22, 5*z = -3*y - 9. What are the prime factors of i(y)?
13
Suppose -s + 6 = -4*v - 11, 0 = -5*s + 3*v + 34. Suppose -12 = -n + s*k, 9*n - 4*n - 6 = -2*k. Suppose -4*y + n*y = -12. What are the prime factors of y?
2, 3
Suppose 0*i - 2*i + 202 = 0. Let d = 150 - i. What are the prime factors of d?
7
Let t(i) = -i**2 - 13*i - 15. List the prime factors of t(-11).
7
Let f be (12*-1)/((-6)/9). What are the prime factors of (-1)/(((-15)/f)/5)?
2, 3
Let h = -82 - -27. Let a = h + 125. Suppose 2*c - a = -3*c. List the prime factors of c.
2, 7
Let x = -23 + 55. What are the prime factors of x?
2
Let g be 3/9*4*3. Suppose -3*b = -s - 23, -6*s = -s + g*b + 39. Let r = s + 24. What are the prime factors of r?
13
Let p(g) = g**2 + 9*g + 11. Let a be p(-8). Suppose -k = -3*k + a*y + 67, 46 = k - 4*y. List the prime factors of k.
2, 13
Let x = -8 - -12. Suppose 80 = x*m + m. List the prime factors of m.
2
Let d(g) = -2*g**2 + 8*g**2 + 1 - 10 - 3*g + g**3 + 1. Let p be d(-6). Let r = -5 + p. List the prime factors of r.
5
Suppose 3*b - 5*b + 36 = 0. What are the prime factors of b?
2, 3
List the prime factors of (-4 + (-8 - -1))*-5.
5, 11
Suppose -20 = -0*p - 5*p. Let k = 1 - p. What are the prime factors of k*(-4)/18*30?
2, 5
Let z(p) = p + 4. Let f be z(0). Let i(b) = 0*b - b**2 - 3*b - 1 + 11*b. List the prime factors of i(f).
3, 5
List the prime factors of (-1 + 4)*(-310)/(-15).
2, 31
Suppose 25 = -10*b + 15*b. Suppose -2*i + b = -17. What are the prime factors of i?
11
Let p = 10 - 9. Let j = p - -13. What are the prime factors of j?
2, 7
What are the prime factors of (2 - -8)/((-1)/(-3))?
2, 3, 5
Let m = 11 + -7. Suppose 0 = -a + v, 4*v - 3*v = m*a. What are the prime factors of 6*(15/6 + a)?
3, 5
Suppose -7*z + 9*z - 132 = 0. What are the prime factors of z?
2, 3, 11
List the prime factors of (-8)/(-2)*(-11)/(-4).
11
Suppose 3*k - 3*b = 21, 0 = k - 3*b + 5 - 2. What are the prime factors of 4/k*(1 - -38)?
13
Suppose -2*c - 62 = -4*v, v = -3*v + 3*c + 59. Suppose -4*r - 5 = -v. Suppose 0*z - 4*y - 16 = -r*z, 0 = 4*z + 5*y - 42. What are the prime factors of z?
2
Let x be 18 + 8 - (2 + -1). Let s = x - 18. What are the prime factors of s?
7
Let r(n) = -1 - 1 - 3*n - 3. Let a be r(-5). Suppose -3*j + j + a = 0. What are the prime factors of j?
5
Let a be (-3)/((-18)/20)*3. Suppose -4*c - 5*t = 105, 0 = -5*c - 4*t - 105 - 24. List the prime factors of c/(-9) + a/45.
3
Suppose -5*w = -3*z - 15, z - 5*w = -0*z - 15. Suppose 6*g - 15 = 2*g + 5*a, 3*g + a - 16 = z. Suppose -q - 20 = -g*q. List the prime factors of q.
5
What are the prime factors of (-34)/((-4)/(-12)*-3)?
2, 17
Suppose -4*y + 40 = 3*w - 149, 0 = -5*w + 15. Let h = y - 79. Let b = -18 - h. What are the prime factors of b?
2
Suppose -f + 4*v = -222, -f - 3*v + 5*v = -214. List the prime factors of f.
2, 103
Suppose -5*n + 928 = 3*n. List the prime factors of n.
2, 29
Let o = -2 + 4. What are the prime factors of ((-1)/o)/(1/(-30))?
3, 5
Let o(r) = 2*r**3 - r**2 + 3*r + 5. List the prime factors of o(4).
3, 43
Let l be 10/(-8)*(0 + -4). Let g(j) be the first derivative of j**2/2 - j + 1. List the prime factors of g(l).
2
Let y = 8 - 2. Suppose 8 = 4*h - 2*n - 0, -2*n + 24 = 4*h. What are the prime factors of h/y + 30/9?
2
Let y be -2*(1 - 2) + -1. Let q be 4*9/12 - 4. What are the prime factors of y - -9*(q - -2)?
2, 5
What are the prime factors of 72/4 - 4/4?
17
Suppose -16*d = 6*d - 5522. What are the prime factors of d?
251
Let q(c) = 2*c**2 + 6*c**2 - c**3 - 2*c**2 + 9*c - 10. List the prime factors of q(7).
2
Suppose -3*n + 154 = 5*b, -b + 102 = 2*b - 3*n. Let q = -228 + b. List the prime factors of q/(-10) - 6/1